, 5, 113
Let g(c) = -5*c + 12. Let l(o) = 11*o - 24. Let i(a) = -13*g(a) - 6*l(a). Let x be i(-14). What are the prime factors of x/8 + 167/4?
2, 3, 7
What are the prime factors of (-20)/(-80) + ((-11350)/(-8) - -2)?
7, 29
Suppose 31 = -5*y + 26. Let c be -100*(4/y)/8. Let h = c + -36. What are the prime factors of h?
2, 7
Let x = 289 - 101. Suppose 4*b - 52 = x. What are the prime factors of b?
2, 3, 5
Let d = 778 - 397. List the prime factors of d.
3, 127
Let k = -85 + 148. Suppose 3*b - p - 39 = 0, -4*b - 6 = -3*p - k. What are the prime factors of b?
2, 3
Let x = 146 + -371. Let f = x - -320. List the prime factors of f.
5, 19
Suppose 4*q + 1013 = 3*a, -136 - 1555 = -5*a + 4*q. List the prime factors of a.
3, 113
List the prime factors of (-12 - -22)*(-214)/(-5).
2, 107
What are the prime factors of (-66322)/(-42) + -4*(-14)/(-588)?
1579
Suppose -4*x = 4*g - 152, -4*x = 4*g - 9*g + 172. Let u = g - 13. List the prime factors of u.
23
Let z be (3 - 2)/((-4)/(-36)). Suppose 0*x = -x - z. List the prime factors of ((-132)/x)/(1/3).
2, 11
Let f be (-55)/22*(-16)/10. Suppose 6*j - 118 = f*j. Suppose -3*s = -s - p - j, 0 = 5*p + 25. List the prime factors of s.
3
Suppose -15580 = 11139*f - 11144*f. What are the prime factors of f?
2, 19, 41
Let n = -71 - -71. Suppose -5*c = -2*u + 583, 568 = 2*u - n*u - 2*c. List the prime factors of u.
3, 31
Let i = -78 + 347. Suppose -5*t = -4*p - i, 3*p + 102 = 2*t - 0*p. What are the prime factors of t?
3, 19
Let n = 80 - 76. Suppose 4*g = i - 116, 2 + n = -2*g. List the prime factors of i.
2, 13
Let f(p) = 2*p**3 - 28*p**2 + 27*p + 12. List the prime factors of f(14).
2, 3, 5, 13
Suppose -8*y - 10 = -3*y. List the prime factors of 9 + -6 - (-1 - (y + 173)).
5, 7
Suppose 3*i = -2*j + 8*i + 5771, 3*i = 5*j - 14456. What are the prime factors of j?
11, 263
Let g(z) = z**3 - 23*z**2 - 37*z - 81. What are the prime factors of g(27)?
2, 3, 17
Let t be 3*32/(-12) + -79. Let d(w) = 15*w**2 + 3*w. Let q be d(3). Let l = q + t. List the prime factors of l.
3, 19
Let o(u) = u**3 - 5*u**2 + 6*u - 4. Let i be o(4). Suppose 2*n - 15 - 13 = -4*q, -i = -2*q. Suppose -n = -20*m + 15*m. List the prime factors of m.
2
Let r(l) = l**2 - 8*l + 12. Let c be r(7). Let z(h) = h**2 + 8*h + 5. List the prime factors of z(c).
2, 5, 7
Let p = -4 - 21. Let t(d) = 11*d**2 + 2*d - 1. Let f be t(2). Let v = p + f. What are the prime factors of v?
2, 11
Suppose -v + g + 3320 = 0, 3*g - 7357 = -5*v + 9211. List the prime factors of v.
2, 829
Suppose -3*l + 101 = 3*v - 97, -4*l + 269 = 5*v. What are the prime factors of l?
61
Let n be ((-11)/(-1))/(-3 - (-228)/75). List the prime factors of 11/(n/10) - (-1266)/10.
127
Let n(c) = -c**3 + 4*c**2 - 4*c + 3. Let w be n(3). Suppose w*t = -t + 4. What are the prime factors of -20*(9/3 - t)?
2, 5
Let u(z) = z**2 - 2*z + 4. Let p be u(0). Suppose -2*s - 38 - 74 = -2*v, -p = -4*s. Let f = 80 - v. What are the prime factors of f?
23
Let k = 11 - 9. Suppose 5*z - k*i = 27 + 12, 5*z - 30 = 5*i. Let p = -4 + z. List the prime factors of p.
5
List the prime factors of (-1 + -23)/(160/(-25520)).
2, 3, 11, 29
Let p(x) = x**2 + 10*x - 11. Let a = -37 + 26. Let k be p(a). Suppose n = -k*n + 47. List the prime factors of n.
47
Let p(z) = 2*z + 12. Let n be p(-5). List the prime factors of (n*1)/((-20)/(-810)).
3
Let q(k) = -k**2 + 3*k + 4. Let p be q(3). Suppose -8*x + 3*x + 4*z - 50 = 0, 32 = -2*x + p*z. Let h = x + 26. What are the prime factors of h?
2, 5
Suppose -72*i + 26460 = -51*i. What are the prime factors of i?
2, 3, 5, 7
Let y be (3/6)/((-2)/(-84)). Let z be (-278)/(-16) + 12/(-32). Let s = y - z. List the prime factors of s.
2
Let n = -22 - -44. What are the prime factors of 6/(-15) - n/(-5)?
2
Suppose -5*y + 24 - 9 = 0. List the prime factors of -1 + y - 530/(-10).
5, 11
Let o(u) = u**3 + 10*u**2 - 2*u. Suppose 8*a + 113 - 41 = 0. What are the prime factors of o(a)?
3, 11
Suppose -48 + 180 = 12*k. Suppose 0 = k*j + j - 1068. List the prime factors of j.
89
Let y(z) be the third derivative of -11*z**6/360 + z**5/120 - z**4/24 - 3*z**2. Let c(t) be the second derivative of y(t). List the prime factors of c(-1).
23
Suppose 2*q = 4*y - 46, 2*y + 53 = -2*q - y. Let i be (-1770)/q - 8/10. Suppose 2*u - 3*x - i = 0, -u - x - 4*x = -35. What are the prime factors of u?
5, 7
Suppose -291 = -4*w - 5*s, -2*s + 0 = w - 75. What are the prime factors of (-2 + w/12)*12?
3, 5
Suppose -d + j - 573 = 0, 0 = 3*d + 4*j - j + 1707. Let i = -330 - d. What are the prime factors of i?
241
Let r = -192 - -738. List the prime factors of r.
2, 3, 7, 13
Let h be (-48)/8 + 22 - 1*5. Suppose -3*w - r = 2*w + 26, w + 5*r = -10. Let z = h + w. List the prime factors of z.
2, 3
Suppose 6*k - 2*k = 324. Let f(x) = -8*x + 58. Let q be f(4). Let m = k - q. List the prime factors of m.
5, 11
Suppose -2*m - 1170 = -3*m + c, 1170 = m - 3*c. List the prime factors of m.
2, 3, 5, 13
Let j(p) = -p**2 + 2*p. Let s(a) = -2*a**2 + 3*a. Let b(o) = 9*j(o) - 4*s(o). Let d be b(5). Let q(y) = y**3 - 3*y**2 - 3*y - 2. List the prime factors of q(d).
3, 11
List the prime factors of (-1 - -121)/(33/110).
2, 5
Let l(y) = -y + 14. Let j be l(0). Suppose -2*g - 3*b = -7*g + 37, 2*g - j = b. Let k(o) = o**3 - 4*o**2 + 2. List the prime factors of k(g).
3
Suppose 5*j + 566 = 3*q - 1756, -4*q + 2*j = -3082. What are the prime factors of q?
769
Suppose 4*y - 1064 = -o - y, -2*o + 2114 = -4*y. List the prime factors of o.
3, 353
Let d be (-11 - -4)*(-4)/(-14). What are the prime factors of 26/(d - -3 - -1)?
13
Suppose t + 0*y = 4*y + 244, 0 = -3*t + 5*y + 718. Suppose -3*r = -3*s - 4*r + 176, 4*s + 2*r - t = 0. What are the prime factors of s?
2, 29
Let p = 855 - 209. What are the prime factors of p?
2, 17, 19
Suppose j = -14*j + 19035. List the prime factors of j.
3, 47
What are the prime factors of 30*(-1 - (160 + 3))/(-5)?
2, 3, 41
Let l = -2225 - -5371. What are the prime factors of l?
2, 11, 13
Let y(v) = -5*v - 10. Let r be y(-2). Suppose r = -2*f + 62 + 148. List the prime factors of f.
3, 5, 7
Let p = 7 + 5. Let q be 6*(-2 + (-4)/(-3)). Let w = p + q. What are the prime factors of w?
2
Let b(k) = -2*k**3 + k**2 + k + 1. Let f be b(-1). Suppose -f*u + 287 = u + 5*m, -369 = -5*u + 4*m. List the prime factors of u.
73
Let d be ((-2)/(-3))/(2/(-3)) - -226. Suppose -3*p + 72 = -d. List the prime factors of p.
3, 11
Let j(y) be the first derivative of -1/3*y**3 - 1 + 0*y**2 + 17*y. List the prime factors of j(0).
17
Let i = 42 - 42. Suppose 4*x + 3*q - 70 = 0, i = -5*x - 2*q - 2*q + 87. List the prime factors of x.
19
Let t(a) = 6*a**2 + 17*a - 3. List the prime factors of t(-9).
2, 3, 5, 11
Let j = 1206 + -427. What are the prime factors of j?
19, 41
Suppose -12*m - 116909 = -35*m. List the prime factors of m.
13, 17, 23
Suppose -4136 = -123*h + 115*h. What are the prime factors of h?
11, 47
Let h(g) = g**2 + 14*g + 3. Let n be h(-15). Suppose 14*f - n*f + 188 = 0. List the prime factors of f.
47
Let q(v) = -v - 2. Let i be q(4). Let f be ((-2)/(-4))/(i/(-516)). Let u = f + -27. What are the prime factors of u?
2
Suppose 5*n = -3*o + 2193, 0 = 11*n - 7*n - o - 1768. List the prime factors of n.
3, 7
Let i(b) be the first derivative of 11*b**2/2 - 15*b - 2. List the prime factors of i(7).
2, 31
Suppose -3*a = -4*g + 472, 118 = g - 0*a + 3*a. Suppose 0 = 4*b - 2*b + 102. Let n = b + g. List the prime factors of n.
67
Let w be (-3)/9 + (-42)/(-18). Suppose -w*o = -2*n - 332, 5*o - 4*o + 5*n = 136. What are the prime factors of o?
7, 23
Suppose -150 = 24*f - 21*f. Let l = -58 + f. What are the prime factors of l/(-8)*8/3?
2, 3
Suppose -3*m - 12 = -6*m. Suppose -c + m = -3*c. What are the prime factors of 14 - c*1/2?
3, 5
Suppose -h + 2*h = 0. Suppose -8 = -h*w - 2*w. Suppose 55 = w*l - 109. What are the prime factors of l?
41
Let u(n) = 874*n**2 + 9*n + 7. What are the prime factors of u(-1)?
2, 109
Suppose -4*f = 5*d + 811, 5*d + 491 = 2*d + 2*f. Let o = d + 277. What are the prime factors of o?
2, 3, 19
Suppose -3*t = 2*a - 5*a + 888, 4*t = -5*a + 1525. List the prime factors of a.
7, 43
Suppose 5*t - 3195 = 5020. List the prime factors of t.
31, 53
Let f = 847 - 507. Let a = -213 + f. What are the prime factors of a?
127
Let v be (-6)/(-7)*14/3. Su